- 25 + 20*k + 19*k**2 + 6*k**2 + 3. Calculate q(9).
-4
Suppose 3*o + 4 = 19. Suppose -o*f + 12*f = -70. Let j(m) = m**3 + 9*m**2 - 9*m + 3. Calculate j(f).
-7
Suppose 8*t + y - 177 = 3*t, -150 = -4*t - 5*y. Suppose t = -5*r - 30. Let l(b) = -b**3 - 14*b**2 - 15*b - 14. Calculate l(r).
12
Let t(u) = -5*u**3 - 2*u**2 - 7*u - 1. Let y(l) = 2*l**3 + 3*l**2 - 2. Let b(g) = -t(g) - 3*y(g). Calculate b(-8).
15
Let q(r) = r**2 - 12*r + 15. Let w be q(10). Let i(z) = -4*z + 7. Let s(a) = 3*a - 4. Let k(b) = w*s(b) - 4*i(b). What is k(8)?
0
Let x = -1077 - -1074. Let f(g) = g**3 - 3*g**2 - 15*g + 3. Calculate f(x).
-6
Let g(l) = 2*l**2 - l - 8. Suppose -179*y + 171*y + 32 = 0, 0 = 4*i + 5*y - 32. Give g(i).
7
Let t(v) = -3 - 3*v**3 + 5*v + 7*v**2 - 2 + 4*v**3. Let p be 0/23*((-1)/(-1) - 2). Suppose n + 3*z - 2 = 4, p = 3*z - 12. Determine t(n).
1
Let x(m) = -175 + 155 - 3*m + 6*m + 91. What is x(-24)?
-1
Suppose -2*t + 15 = -5*t. Let i(y) = -5*y - 1. Let v(l) = 22*l + 5. Let b(q) = 9*i(q) + 2*v(q). Let m(f) = -3*f + 10. Let s(p) = 5*b(p) - m(p). Determine s(t).
5
Let y = 334 - 331. Let b(l) = -3*l + 154*l**2 - 313*l**2 + 166*l**2 + l**3 - 4 + 8 + y. What is b(-7)?
28
Suppose -2*x = s - 323, 10*s + 1001 = 13*s - 2*x. Let w(j) = s*j**2 - 658*j**2 + 328*j**2 - 4*j. Calculate w(3).
-3
Let x be (85 - 84)/(2/12). Let b(k) = -k**2 + 9*k - 3. Give b(x).
15
Let f(c) = 2*c**2 + 2*c + 3. Let y be f(-2). Let h(t) = 1765824*t + 2 - 3531658*t + 1765832*t. What is h(y)?
-12
Let y(k) be the third derivative of -k**5/60 - k**4/12 + k**3/6 - k**2 + k - 829. Calculate y(3).
-14
Let k(f) be the second derivative of -f**4/6 - 6*f**3 - 76*f**2 - 1231*f. What is k(-11)?
2
Let w(c) = 9*c - 3. Let s = 2853 - 2857. What is w(s)?
-39
Let a(l) = 700*l + 699. Let g be a(-1). Let f(v) = -24*v**2 - v - 2. What is f(g)?
-25
Suppose -3*x = 2 - 32. Let r(n) = -6*n - x*n**2 - 9*n**2 + 1 + 4*n**3 - 3*n**3 + 24*n**2. What is r(-6)?
1
Suppose v = 5*o - 27, 0 = 3*v + 13*o - 12*o - 15. Let p(u) = -2*u + 7. Let c(y) = 3*y - 10. Let a(n) = -5*c(n) - 7*p(n). What is a(v)?
-2
Let o(m) = m**3 + m**2 + 1673. Let r be o(0). Let z(c) = -r - 1675 + 3351 - c. What is z(-9)?
12
Let c(t) = 3*t - 1. Let f be 2/(-3)*(3 - 4 - 5). Suppose -14*n = -f*n + 70. Let q be (-5)/15 - n/3. Give c(q).
5
Let x be (-30)/(-6) + 2 + 1*-3. Suppose 3*k = -2*h + x, -2*k - 4*h + 3*h + 3 = 0. Let v(f) = -f**3 + f**2 - 1. Calculate v(k).
-5
Let l(m) = -13*m**3 + 2*m**2 + 26*m - 17. Let o(w) = 63*w**3 - 11*w**2 - 128*w + 83. Let v(r) = -29*l(r) - 6*o(r). Calculate v(9).
40
Let m(t) = 2*t**2 + 6*t + 6. Let b(a) be the second derivative of -a**4/12 + 7*a**3/3 + 11*a**2/2 - 16*a + 3. Let c be b(15). Determine m(c).
14
Let v(i) = -65*i - 437. Let p(d) = 322*d + 2181. Let h(x) = -4*p(x) - 19*v(x). What is h(-8)?
3
Let t(d) = 2*d. Let h(r) = 4*r + 11. Let b = 73 + -69. Let o be h(b). Let x = -23 + o. What is t(x)?
8
Let o(h) = h**2 + 4*h. Let l(q) = -q**3 + 8*q**2 + 4*q - 30. Let s be l(7). Suppose 7*c + s = 5. Give o(c).
12
Let r(p) = p**3 + 11*p**2 + 10*p + 15. Let b be -1*((-63)/(-9) - -4). Calculate r(b).
-95
Let z be -3 - (2 + -1 - 0). Let f(k) be the first derivative of -5*k - 1/2*k**2 + 10. Give f(z).
-1
Suppose 5*q + 6*q - 187 = 0. Let w(f) = -6*f + 88. Let n(k) = 3*k - 45. Let g(b) = 5*n(b) + 2*w(b). Calculate g(q).
2
Let i(c) = -c + 8. Suppose 2*k + 2*w + 7 = 3*w, 16 = -k - 2*w. Determine i(k).
14
Let n(v) = 14*v**2 + 20*v**2 + 17*v**2 - 52*v**2. Suppose 4*j - 8 + 22 = 2*g, -4*g + 18 = -3*j. Give n(g).
-9
Let q be 2/4 - (-99)/18. Let m(j) be the second derivative of -j**4/12 + j**3/2 + 2*j**2 - 2*j - 76. What is m(q)?
-14
Suppose m + 1 = 2*t, 5*t - 4*m = -123 + 115. Let j(c) = -c**3 + 5*c**2 - 3*c + 2. Calculate j(t).
6
Suppose 0 = 27*i - 506 - 277. Suppose -6*s - 23 + i = 0. Let t(b) = 24*b**2 + 2*b - 1. Give t(s).
25
Suppose -5*m = -4*m - 2*t + 4, 14 = m + 4*t. Suppose 0 = -2*q + 6*x - 2*x - 12, -4*q + 24 = 4*x. Let j(d) = m*d**2 - q*d + 11 - 19 - 3*d**2 + 6. What is j(-4)?
-10
Let l be 8 - 1 - 40/8. Let q(d) = -3*d**2 - 2*d - 7. Let r(z) = 8*z**2 + 6*z + 20. Let m(p) = 17*q(p) + 6*r(p). Give m(l).
-7
Let h = -49 - -71. Let i = -20 + h. Let u(l) = l**3 - 10*l**2 + 2*l + 1. Let w(s) = -s**3 + 9*s**2 - 2*s - 1. Let m(d) = 6*u(d) + 7*w(d). Give m(i).
-1
Let p(w) = 6*w**2 - 4*w + 2. Let l(o) = -71*o + 641. Let i be l(9). What is p(i)?
18
Let r(p) = p**3 - 31*p - 135 + 59 - 27*p**2 + 114 + 47. What is r(28)?
1
Suppose -3 = -3*u + 2*w + 1, 2*u - 4*w = 0. Let p be (-15)/(-3) - (-15)/(-3). Let j(k) = -24 + 15 + p*k**u + k**2. What is j(0)?
-9
Let h(b) = 744 - 1538 - 2*b**2 - 34*b + 770. Calculate h(-16).
8
Let b = 29 + -33. Let j(c) be the first derivative of -c**5/20 - 5*c**4/12 - c**3 - c**2 + 19*c + 5. Let n(i) be the first derivative of j(i). Give n(b).
6
Let m(b) = -7*b**2 - 11*b - 175. Let c(f) = -29*f**2 - 46*f - 718. Let l(j) = -6*c(j) + 25*m(j). What is l(0)?
-67
Let s = -41 - -44. Suppose -4*p - 2 = 3*b, 2*b = -s*p - p. Let u be ((-6)/2)/3*p. Let y(x) = 16*x**2. Determine y(u).
16
Let u(f) = 246*f - 130*f + 58 - 109*f. Give u(-10).
-12
Let y(m) = -105*m - 2203. Let s be y(-21). Let w(l) = l. Let f(v) = 25*v - 2. Let g(b) = f(b) - 3*w(b). Determine g(s).
42
Let m(o) = o**3 + 11*o**2 + 4*o - 37. Let a be m(-10). Suppose -a*f = -34*f. Let z(u) = -u + 24. Calculate z(f).
24
Let j(k) be the first derivative of -k**3/3 + 2*k**2 + 3*k - 108. Let x be (-20)/25*(-6 - -1). Calculate j(x).
3
Let d(u) = u**3 - 5*u**2 - 2. Let o = 43 + 295. Suppose -w = 3*w + 3*f + o, -3*w + f = 260. Let z be w/(-18) + 6/27. Give d(z).
-2
Let q(s) = -4*s**3 + 32*s**2 + 53*s + 91. Let u(m) = m**3 - 10*m**2 - 16*m - 31. Let h(j) = -2*q(j) - 7*u(j). Calculate h(-6).
-1
Let u(d) be the first derivative of d**4/4 - 4*d**3/3 + d**2 - 2*d + 690. Let a = 7 + -4. Let g be (-2)/(a/((-12)/2)). Give u(g).
6
Let l(y) be the first derivative of y**4/6 - y**3/6 - 2*y**2 + 2*y - 2. Let m(g) be the first derivative of l(g). Let v = 4468 - 4465. What is m(v)?
11
Let q(v) be the first derivative of -3*v**2 + 3*v + 3*v**2 - 19672 + 2*v**2 + 19748. What is q(-4)?
-13
Suppose -8*h - 56 = -8. Let c be (2/h)/((-11)/99). Let v(r) = -3*r**c - 10*r**3 + 4*r**3 + 1 + 0*r**3. Determine v(-1).
10
Let f be 497 + -493 + (-29)/8. Let v(a) be the third derivative of 2/15*a**5 + 0 + 7*a**2 + 0*a - 1/120*a**6 - f*a**4 + 4/3*a**3. Calculate v(7).
-6
Let r(t) be the second derivative of -8 - t + 1/2*t**2 - 3/5*t**5 + 0*t**3 + 0*t**4. Determine r(1).
-11
Let a(l) be the third derivative of l**4/8 + l**3/6 - l**2. Let g(o) = o**2 + 11*o + 34. Let b be g(-6). Suppose 5 = u + 2*d, u + d + 5 = b*d. What is a(u)?
4
Let k(w) = 5*w**2 - 2*w - 1. Suppose 0 = -11*b + 9*b + 8. Suppose -b*f + 5*f - 3 = c, -4*c - 20 = 4*f. Determine k(f).
6
Let d(c) = 3 - 224*c**3 - 3 + 0 + c**2 - 6*c + 225*c**3. Give d(2).
0
Let w(x) be the first derivative of x**4/4 - 3*x**3 - 13*x**2/2 + 13*x - 2112. What is w(11)?
112
Let u(z) = 6*z**2 - 1. Let k(f) = f + 3. Let d be k(22). Let b = d + -23. Let h(p) = p - 1. Let x be h(b). Give u(x).
5
Let g = 4691 - 4716. Let o(l) = -5*l**2 - 123*l + 53. What is o(g)?
3
Suppose -27 = -9*y - 0*y. Let v(g) = -6*g**2 + 2 - 3*g - 11*g**3 + 16*g**3 - 6*g**y. Suppose -3*l - 13 - 2 = 0. What is v(l)?
-8
Let t(z) = -z**3 + 2*z**2 + 4*z - 6. Suppose -40 = 55*h - 48*h - 27*h. Determine t(h).
2
Let a(q) = 11*q + 4. Let i be a(0). Suppose 4*z - k + 18 = 4, -i*z - 2 = 5*k. Let s(h) = -7*h + 3. Determine s(z).
24
Let p(s) = 225*s**2 + 233*s**2 + 15*s + 229*s**2 - 1 - 684*s**2. Calculate p(-5).
-1
Let m = -20185 - -20202. Let j(r) = r**3 - 18*r**2 + 23*r - 100. What is j(m)?
2
Suppose 2*g - 3*g = -3. Let k(w) = -4*w**2 + w**2 - 8*w - w**g - 5*w**2 - 6. Suppose 0 = 106*s + 226*s + 677 + 1647. Give k(s).
1
Let q(g) = g**3 - 2*g**2 + g + 106. Let t be q(0). Suppose -t*y = -95*y. Let k(p) = -p**3 - p**2 - 6. Give k(y).
-6
Let j(p) = -p + 5. Suppose -3*v - 720 = -15*v. Suppose v*o - 54*o = 60. Calculate j(o).
-5
Let z(o) = 2*o**2 - o + 1. Suppose -12*l + 15 + 45 = 0. Let r be (-11)/l + 8/40. Determine z(r).
11
Let i(w) be the first derivative of -w**6/360 - w**5/60 + w**4/12 - 119*w**3/3 - 84. Let b(a) be the third derivative of i(a). Let q = -3 + 6. Calculate b(q).
-13
Let m(v) = -v**2 - v + 